{"id":9742,"date":"2025-10-29T14:49:35","date_gmt":"2025-10-29T13:49:35","guid":{"rendered":"https:\/\/zaleskahalda.pl\/?page_id=9742"},"modified":"2025-11-18T13:11:29","modified_gmt":"2025-11-18T12:11:29","slug":"wymiana-balustrad-balkonowych-kwiatkowskiego-22b-c","status":"publish","type":"page","link":"https:\/\/zaleskahalda.pl\/index.php\/informacje\/zrealizowane-inwestycje\/wymiana-balustrad-balkonowych-kwiatkowskiego-22b-c\/","title":{"rendered":"Wymiana balustrad balkonowych Kwiatkowskiego 22b-c"},"content":{"rendered":"\n<h2 class=\"wp-block-heading has-text-align-center\"><strong>Wymiana 20 szt. balustrad balkonowych<\/strong> <strong>ul. Kwiatkowskiego 22b-c<\/strong><\/h2>\n\n\n\n<figure class=\"wp-block-image size-large\"><img loading=\"lazy\" decoding=\"async\" width=\"1024\" height=\"682\" src=\"https:\/\/zaleskahalda.pl\/wp-content\/uploads\/2025\/11\/SMZH-2025-zrealizowane-inwestycje-kwiatkowskiego22-2-1024x682.jpg\" alt=\"\" class=\"wp-image-9803\" srcset=\"https:\/\/zaleskahalda.pl\/wp-content\/uploads\/2025\/11\/SMZH-2025-zrealizowane-inwestycje-kwiatkowskiego22-2-1024x682.jpg 1024w, https:\/\/zaleskahalda.pl\/wp-content\/uploads\/2025\/11\/SMZH-2025-zrealizowane-inwestycje-kwiatkowskiego22-2-300x200.jpg 300w, https:\/\/zaleskahalda.pl\/wp-content\/uploads\/2025\/11\/SMZH-2025-zrealizowane-inwestycje-kwiatkowskiego22-2-768x512.jpg 768w, https:\/\/zaleskahalda.pl\/wp-content\/uploads\/2025\/11\/SMZH-2025-zrealizowane-inwestycje-kwiatkowskiego22-2.jpg 1400w\" sizes=\"auto, (max-width: 1024px) 100vw, 1024px\" \/><\/figure>\n\n\n\n<div class=\"wp-block-columns is-layout-flex wp-container-core-columns-is-layout-9d6595d7 wp-block-columns-is-layout-flex\">\n<div class=\"wp-block-column is-layout-flow wp-block-column-is-layout-flow\" style=\"flex-basis:33.33%\">\n<figure class=\"wp-block-image size-large\"><img loading=\"lazy\" decoding=\"async\" width=\"682\" height=\"1024\" src=\"https:\/\/zaleskahalda.pl\/wp-content\/uploads\/2025\/11\/SMZH-2025-zrealizowane-inwestycje-kwiatkowskiego22-1-682x1024.jpg\" alt=\"\" class=\"wp-image-9829\" srcset=\"https:\/\/zaleskahalda.pl\/wp-content\/uploads\/2025\/11\/SMZH-2025-zrealizowane-inwestycje-kwiatkowskiego22-1-682x1024.jpg 682w, https:\/\/zaleskahalda.pl\/wp-content\/uploads\/2025\/11\/SMZH-2025-zrealizowane-inwestycje-kwiatkowskiego22-1-200x300.jpg 200w, https:\/\/zaleskahalda.pl\/wp-content\/uploads\/2025\/11\/SMZH-2025-zrealizowane-inwestycje-kwiatkowskiego22-1-768x1152.jpg 768w, https:\/\/zaleskahalda.pl\/wp-content\/uploads\/2025\/11\/SMZH-2025-zrealizowane-inwestycje-kwiatkowskiego22-1.jpg 933w\" sizes=\"auto, (max-width: 682px) 100vw, 682px\" \/><\/figure>\n<\/div>\n\n\n\n<div class=\"wp-block-column is-layout-flow wp-block-column-is-layout-flow\" style=\"flex-basis:66.66%\">\n<p>Sp\u00f3\u0142dzielnia Mieszkaniowa &#8222;Zal\u0119ska Ha\u0142da&#8221; w Katowicach w 2025 r. zrealizowa\u0142a wymian\u0119 balustrad balkonowych w dw\u00f3ch segmentach Kwiatkowskiego 22b-c. Dotychczasowe stalowe wype\u0142nione p\u0142ytami z acekolu zast\u0105piono lekkimi konstrukcjami aluminiowymi ze szklanym wype\u0142nieniem. To rozwi\u0105zanie zapewnia wysok\u0105 trwa\u0142o\u015b\u0107 i bezpiecze\u0144stwo, jednocze\u015bnie nadaj\u0105c nowoczesny charakter oraz zwi\u0119kszaj\u0105c dost\u0119p \u015bwiat\u0142a dziennego na balkonach.<\/p>\n<\/div>\n<\/div>\n\n\n\n<p><\/p>\n","protected":false},"excerpt":{"rendered":"<p>Wymiana 20 szt. balustrad balkonowych ul. Kwiatkowskiego 22b-c Sp\u00f3\u0142dzielnia Mieszkaniowa &#8222;Zal\u0119ska Ha\u0142da&#8221; w Katowicach w 2025 r. zrealizowa\u0142a wymian\u0119 balustrad balkonowych w dw\u00f3ch segmentach Kwiatkowskiego 22b-c. Dotychczasowe stalowe wype\u0142nione p\u0142ytami z acekolu zast\u0105piono lekkimi konstrukcjami aluminiowymi ze szklanym wype\u0142nieniem. To rozwi\u0105zanie zapewnia wysok\u0105 trwa\u0142o\u015b\u0107 i bezpiecze\u0144stwo, jednocze\u015bnie nadaj\u0105c nowoczesny charakter oraz zwi\u0119kszaj\u0105c dost\u0119p \u015bwiat\u0142a dziennego na balkonach.<\/p>\n","protected":false},"author":8,"featured_media":9803,"parent":9650,"menu_order":0,"comment_status":"closed","ping_status":"closed","template":"","meta":{"footnotes":""},"class_list":["post-9742","page","type-page","status-publish","has-post-thumbnail","hentry"],"_links":{"self":[{"href":"https:\/\/zaleskahalda.pl\/index.php\/wp-json\/wp\/v2\/pages\/9742","targetHints":{"allow":["GET"]}}],"collection":[{"href":"https:\/\/zaleskahalda.pl\/index.php\/wp-json\/wp\/v2\/pages"}],"about":[{"href":"https:\/\/zaleskahalda.pl\/index.php\/wp-json\/wp\/v2\/types\/page"}],"author":[{"embeddable":true,"href":"https:\/\/zaleskahalda.pl\/index.php\/wp-json\/wp\/v2\/users\/8"}],"replies":[{"embeddable":true,"href":"https:\/\/zaleskahalda.pl\/index.php\/wp-json\/wp\/v2\/comments?post=9742"}],"version-history":[{"count":4,"href":"https:\/\/zaleskahalda.pl\/index.php\/wp-json\/wp\/v2\/pages\/9742\/revisions"}],"predecessor-version":[{"id":9866,"href":"https:\/\/zaleskahalda.pl\/index.php\/wp-json\/wp\/v2\/pages\/9742\/revisions\/9866"}],"up":[{"embeddable":true,"href":"https:\/\/zaleskahalda.pl\/index.php\/wp-json\/wp\/v2\/pages\/9650"}],"wp:featuredmedia":[{"embeddable":true,"href":"https:\/\/zaleskahalda.pl\/index.php\/wp-json\/wp\/v2\/media\/9803"}],"wp:attachment":[{"href":"https:\/\/zaleskahalda.pl\/index.php\/wp-json\/wp\/v2\/media?parent=9742"}],"curies":[{"name":"wp","href":"https:\/\/api.w.org\/{rel}","templated":true}]}}