{"id":9732,"date":"2025-10-29T13:47:52","date_gmt":"2025-10-29T12:47:52","guid":{"rendered":"https:\/\/zaleskahalda.pl\/?page_id=9732"},"modified":"2025-12-15T10:18:17","modified_gmt":"2025-12-15T09:18:17","slug":"docieplenie-elewacji-kwiatkowskiego-26a","status":"publish","type":"page","link":"https:\/\/zaleskahalda.pl\/index.php\/informacje\/zrealizowane-inwestycje\/docieplenie-elewacji-kwiatkowskiego-26a\/","title":{"rendered":"Termomodernizacja i prace towarzysz\u0105ce ul. Kwiatkowskiego 26a"},"content":{"rendered":"\n<h2 class=\"wp-block-heading has-text-align-center\"><strong>Termomodernizacja i prace towarzysz\u0105ce ul. Kwiatkowskiego 26a<\/strong><\/h2>\n\n\n\n<figure class=\"wp-block-image size-large\"><img loading=\"lazy\" decoding=\"async\" width=\"1024\" height=\"682\" src=\"https:\/\/zaleskahalda.pl\/wp-content\/uploads\/2025\/11\/SMZH-2025-zrealizowane-inwestycje-kwiatkowskiego26a-6-1024x682.jpg\" alt=\"\" class=\"wp-image-9786\" srcset=\"https:\/\/zaleskahalda.pl\/wp-content\/uploads\/2025\/11\/SMZH-2025-zrealizowane-inwestycje-kwiatkowskiego26a-6-1024x682.jpg 1024w, https:\/\/zaleskahalda.pl\/wp-content\/uploads\/2025\/11\/SMZH-2025-zrealizowane-inwestycje-kwiatkowskiego26a-6-300x200.jpg 300w, https:\/\/zaleskahalda.pl\/wp-content\/uploads\/2025\/11\/SMZH-2025-zrealizowane-inwestycje-kwiatkowskiego26a-6-768x512.jpg 768w, https:\/\/zaleskahalda.pl\/wp-content\/uploads\/2025\/11\/SMZH-2025-zrealizowane-inwestycje-kwiatkowskiego26a-6.jpg 1400w\" sizes=\"auto, (max-width: 1024px) 100vw, 1024px\" \/><\/figure>\n\n\n\n<p>W okresie od pa\u017adziernika 2024 r. do maja 2025 r. Sp\u00f3\u0142dzielnia Mieszkaniowa \u201eZa\u0142\u0119ska Ha\u0142da\u201d zrealizowa\u0142a kompleksow\u0105 docieplenie budynku mieszkalnego zlokalizowanego przy ul. Kwiatkowskiego 26a.<\/p>\n\n\n\n<p>Zakres zrealizowanych rob\u00f3t wykracza\u0142 poza izolacj\u0119 termiczn\u0105 i obj\u0105\u0142:<\/p>\n\n\n\n<ol start=\"1\" class=\"wp-block-list\">\n<li>Wymian\u0119 stolarki okiennej w cz\u0119\u015bciach wsp\u00f3lnych budynku oraz wymian\u0119 stolarki drzwiowej na parterze,<\/li>\n\n\n\n<li>Modernizacj\u0119 instalacji centralnego ogrzewania,<\/li>\n\n\n\n<li>Remont pokrycia dachowego,<\/li>\n\n\n\n<li>Malowanie klatki schodowej,<\/li>\n\n\n\n<li>Remont schod\u00f3w wej\u015bciowych.<\/li>\n<\/ol>\n\n\n\n<figure class=\"wp-block-gallery has-nested-images columns-default is-cropped wp-block-gallery-1 is-layout-flex wp-block-gallery-is-layout-flex\">\n<figure class=\"wp-block-image size-large\"><img loading=\"lazy\" decoding=\"async\" width=\"768\" height=\"1024\" data-id=\"9781\" src=\"https:\/\/zaleskahalda.pl\/wp-content\/uploads\/2025\/11\/SMZH-2025-zrealizowane-inwestycje-kwiatkowskiego26a-5-768x1024.jpg\" alt=\"\" class=\"wp-image-9781\" srcset=\"https:\/\/zaleskahalda.pl\/wp-content\/uploads\/2025\/11\/SMZH-2025-zrealizowane-inwestycje-kwiatkowskiego26a-5-768x1024.jpg 768w, https:\/\/zaleskahalda.pl\/wp-content\/uploads\/2025\/11\/SMZH-2025-zrealizowane-inwestycje-kwiatkowskiego26a-5-225x300.jpg 225w, https:\/\/zaleskahalda.pl\/wp-content\/uploads\/2025\/11\/SMZH-2025-zrealizowane-inwestycje-kwiatkowskiego26a-5.jpg 1050w\" sizes=\"auto, (max-width: 768px) 100vw, 768px\" \/><\/figure>\n\n\n\n<figure class=\"wp-block-image size-large\"><img loading=\"lazy\" decoding=\"async\" width=\"768\" height=\"1024\" data-id=\"9782\" src=\"https:\/\/zaleskahalda.pl\/wp-content\/uploads\/2025\/11\/SMZH-2025-zrealizowane-inwestycje-kwiatkowskiego26a-4-768x1024.jpg\" alt=\"\" class=\"wp-image-9782\" srcset=\"https:\/\/zaleskahalda.pl\/wp-content\/uploads\/2025\/11\/SMZH-2025-zrealizowane-inwestycje-kwiatkowskiego26a-4-768x1024.jpg 768w, https:\/\/zaleskahalda.pl\/wp-content\/uploads\/2025\/11\/SMZH-2025-zrealizowane-inwestycje-kwiatkowskiego26a-4-225x300.jpg 225w, https:\/\/zaleskahalda.pl\/wp-content\/uploads\/2025\/11\/SMZH-2025-zrealizowane-inwestycje-kwiatkowskiego26a-4.jpg 1050w\" sizes=\"auto, (max-width: 768px) 100vw, 768px\" \/><\/figure>\n\n\n\n<figure class=\"wp-block-image size-large\"><img loading=\"lazy\" decoding=\"async\" width=\"768\" height=\"1024\" data-id=\"9783\" src=\"https:\/\/zaleskahalda.pl\/wp-content\/uploads\/2025\/11\/SMZH-2025-zrealizowane-inwestycje-kwiatkowskiego26a-3-768x1024.jpg\" alt=\"\" class=\"wp-image-9783\" srcset=\"https:\/\/zaleskahalda.pl\/wp-content\/uploads\/2025\/11\/SMZH-2025-zrealizowane-inwestycje-kwiatkowskiego26a-3-768x1024.jpg 768w, https:\/\/zaleskahalda.pl\/wp-content\/uploads\/2025\/11\/SMZH-2025-zrealizowane-inwestycje-kwiatkowskiego26a-3-225x300.jpg 225w, https:\/\/zaleskahalda.pl\/wp-content\/uploads\/2025\/11\/SMZH-2025-zrealizowane-inwestycje-kwiatkowskiego26a-3.jpg 1050w\" sizes=\"auto, (max-width: 768px) 100vw, 768px\" \/><\/figure>\n\n\n\n<figure class=\"wp-block-image size-large\"><img loading=\"lazy\" decoding=\"async\" width=\"1024\" height=\"768\" data-id=\"9784\" src=\"https:\/\/zaleskahalda.pl\/wp-content\/uploads\/2025\/11\/SMZH-2025-zrealizowane-inwestycje-kwiatkowskiego26a-2-1024x768.jpg\" alt=\"\" class=\"wp-image-9784\" srcset=\"https:\/\/zaleskahalda.pl\/wp-content\/uploads\/2025\/11\/SMZH-2025-zrealizowane-inwestycje-kwiatkowskiego26a-2-1024x768.jpg 1024w, https:\/\/zaleskahalda.pl\/wp-content\/uploads\/2025\/11\/SMZH-2025-zrealizowane-inwestycje-kwiatkowskiego26a-2-300x225.jpg 300w, https:\/\/zaleskahalda.pl\/wp-content\/uploads\/2025\/11\/SMZH-2025-zrealizowane-inwestycje-kwiatkowskiego26a-2-768x576.jpg 768w, https:\/\/zaleskahalda.pl\/wp-content\/uploads\/2025\/11\/SMZH-2025-zrealizowane-inwestycje-kwiatkowskiego26a-2-345x259.jpg 345w, https:\/\/zaleskahalda.pl\/wp-content\/uploads\/2025\/11\/SMZH-2025-zrealizowane-inwestycje-kwiatkowskiego26a-2.jpg 1400w\" sizes=\"auto, (max-width: 1024px) 100vw, 1024px\" \/><\/figure>\n\n\n\n<figure class=\"wp-block-image size-large\"><img loading=\"lazy\" decoding=\"async\" width=\"768\" height=\"1024\" data-id=\"9785\" src=\"https:\/\/zaleskahalda.pl\/wp-content\/uploads\/2025\/11\/SMZH-2025-zrealizowane-inwestycje-kwiatkowskiego26a-1-768x1024.jpg\" alt=\"\" class=\"wp-image-9785\" srcset=\"https:\/\/zaleskahalda.pl\/wp-content\/uploads\/2025\/11\/SMZH-2025-zrealizowane-inwestycje-kwiatkowskiego26a-1-768x1024.jpg 768w, https:\/\/zaleskahalda.pl\/wp-content\/uploads\/2025\/11\/SMZH-2025-zrealizowane-inwestycje-kwiatkowskiego26a-1-225x300.jpg 225w, https:\/\/zaleskahalda.pl\/wp-content\/uploads\/2025\/11\/SMZH-2025-zrealizowane-inwestycje-kwiatkowskiego26a-1.jpg 1050w\" sizes=\"auto, (max-width: 768px) 100vw, 768px\" \/><\/figure>\n<\/figure>\n\n\n\n<p><\/p>\n","protected":false},"excerpt":{"rendered":"<p>Termomodernizacja i prace towarzysz\u0105ce ul. Kwiatkowskiego 26a W okresie od pa\u017adziernika 2024 r. do maja 2025 r. Sp\u00f3\u0142dzielnia Mieszkaniowa \u201eZa\u0142\u0119ska Ha\u0142da\u201d zrealizowa\u0142a kompleksow\u0105 docieplenie budynku mieszkalnego zlokalizowanego przy ul. Kwiatkowskiego 26a. Zakres zrealizowanych rob\u00f3t wykracza\u0142 poza izolacj\u0119 termiczn\u0105 i obj\u0105\u0142:<\/p>\n","protected":false},"author":8,"featured_media":0,"parent":9650,"menu_order":0,"comment_status":"closed","ping_status":"closed","template":"","meta":{"footnotes":""},"class_list":["post-9732","page","type-page","status-publish","hentry"],"_links":{"self":[{"href":"https:\/\/zaleskahalda.pl\/index.php\/wp-json\/wp\/v2\/pages\/9732","targetHints":{"allow":["GET"]}}],"collection":[{"href":"https:\/\/zaleskahalda.pl\/index.php\/wp-json\/wp\/v2\/pages"}],"about":[{"href":"https:\/\/zaleskahalda.pl\/index.php\/wp-json\/wp\/v2\/types\/page"}],"author":[{"embeddable":true,"href":"https:\/\/zaleskahalda.pl\/index.php\/wp-json\/wp\/v2\/users\/8"}],"replies":[{"embeddable":true,"href":"https:\/\/zaleskahalda.pl\/index.php\/wp-json\/wp\/v2\/comments?post=9732"}],"version-history":[{"count":9,"href":"https:\/\/zaleskahalda.pl\/index.php\/wp-json\/wp\/v2\/pages\/9732\/revisions"}],"predecessor-version":[{"id":10136,"href":"https:\/\/zaleskahalda.pl\/index.php\/wp-json\/wp\/v2\/pages\/9732\/revisions\/10136"}],"up":[{"embeddable":true,"href":"https:\/\/zaleskahalda.pl\/index.php\/wp-json\/wp\/v2\/pages\/9650"}],"wp:attachment":[{"href":"https:\/\/zaleskahalda.pl\/index.php\/wp-json\/wp\/v2\/media?parent=9732"}],"curies":[{"name":"wp","href":"https:\/\/api.w.org\/{rel}","templated":true}]}}