{"id":9669,"date":"2025-10-27T15:07:56","date_gmt":"2025-10-27T14:07:56","guid":{"rendered":"https:\/\/zaleskahalda.pl\/?page_id=9669"},"modified":"2025-12-15T10:14:04","modified_gmt":"2025-12-15T09:14:04","slug":"termomodernizacja-barlickiego-13-a","status":"publish","type":"page","link":"https:\/\/zaleskahalda.pl\/index.php\/informacje\/zrealizowane-inwestycje\/termomodernizacja-barlickiego-13-a\/","title":{"rendered":"Termomodernizacja Barlickiego 13-a"},"content":{"rendered":"\n<div class=\"wp-block-columns is-layout-flex wp-container-core-columns-is-layout-9d6595d7 wp-block-columns-is-layout-flex\">\n<div class=\"wp-block-column is-layout-flow wp-block-column-is-layout-flow\" style=\"flex-basis:33.33%\">\n<figure class=\"wp-block-image size-large\"><img decoding=\"async\" src=\"https:\/\/zaleskahalda.pl\/wp-content\/uploads\/2025\/10\/2025.10-Barlickiego-13-a-termomodernizacja-8-1-768x1024.jpg\" alt=\"\" class=\"wp-image-9661\"\/><\/figure>\n<\/div>\n\n\n\n<div class=\"wp-block-column is-layout-flow wp-block-column-is-layout-flow\" style=\"flex-basis:66.66%\">\n<p><strong>Kompleksowa Termomodernizacja Budynku przy <\/strong><br><strong>ul. Barlickiego 13-a w Katowicach<\/strong><\/p>\n\n\n\n<p>W okresie od pa\u017adziernika 2024 r. do maja 2025 r. Sp\u00f3\u0142dzielnia Mieszkaniowa \u201eZa\u0142\u0119ska Ha\u0142da\u201d zrealizowa\u0142a kompleksow\u0105 termomodernizacj\u0119 budynku mieszkalnego zlokalizowanego przy ul. Barlickiego 13A.<\/p>\n<\/div>\n<\/div>\n\n\n\n<p>Zakres zrealizowanych rob\u00f3t wykracza\u0142 poza standardow\u0105 izolacj\u0119 termiczn\u0105 i obj\u0105\u0142:<\/p>\n\n\n\n<ol start=\"1\" class=\"wp-block-list\">\n<li>Wymian\u0119 stolarki okiennej w cz\u0119\u015bciach wsp\u00f3lnych budynku oraz wymian\u0119 stolarki drzwiowej na parterach,<\/li>\n\n\n\n<li>Modernizacj\u0119 instalacji centralnego ogrzewania,<\/li>\n\n\n\n<li>Remont pokrycia dachowego,<\/li>\n\n\n\n<li>Malowanie klatek schodowych.<\/li>\n<\/ol>\n\n\n\n<p>Inwestycja, zrealizowana w trosce o \u015brodowisko i estetyk\u0119 osiedla, przyczyni\u0142a si\u0119 do poprawy efektywno\u015bci energetycznej budynku i jego wizerunku.<\/p>\n\n\n\n<figure class=\"wp-block-gallery has-nested-images columns-default is-cropped wp-block-gallery-1 is-layout-flex wp-block-gallery-is-layout-flex\">\n<figure class=\"wp-block-image size-large\"><img decoding=\"async\" data-id=\"9659\" src=\"https:\/\/zaleskahalda.pl\/wp-content\/uploads\/2025\/10\/2025.10-Barlickiego-13-a-termomodernizacja-7-1024x768.jpg\" alt=\"\" class=\"wp-image-9659\"\/><\/figure>\n\n\n\n<figure class=\"wp-block-image size-large\"><img decoding=\"async\" data-id=\"9658\" src=\"https:\/\/zaleskahalda.pl\/wp-content\/uploads\/2025\/10\/2025.10-Barlickiego-13-a-termomodernizacja-6-768x1024.jpg\" alt=\"\" class=\"wp-image-9658\"\/><\/figure>\n\n\n\n<figure class=\"wp-block-image size-large\"><img decoding=\"async\" data-id=\"9657\" src=\"https:\/\/zaleskahalda.pl\/wp-content\/uploads\/2025\/10\/2025.10-Barlickiego-13-a-termomodernizacja-5-1024x768.jpg\" alt=\"\" class=\"wp-image-9657\"\/><\/figure>\n\n\n\n<figure class=\"wp-block-image size-large\"><img decoding=\"async\" data-id=\"9656\" src=\"https:\/\/zaleskahalda.pl\/wp-content\/uploads\/2025\/10\/2025.10-Barlickiego-13-a-termomodernizacja-4-1024x768.jpg\" alt=\"\" class=\"wp-image-9656\"\/><\/figure>\n\n\n\n<figure class=\"wp-block-image size-large\"><img decoding=\"async\" data-id=\"9655\" src=\"https:\/\/zaleskahalda.pl\/wp-content\/uploads\/2025\/10\/2025.10-Barlickiego-13-a-termomodernizacja-3-768x1024.jpg\" alt=\"\" class=\"wp-image-9655\"\/><\/figure>\n\n\n\n<figure class=\"wp-block-image size-large\"><img decoding=\"async\" data-id=\"9654\" src=\"https:\/\/zaleskahalda.pl\/wp-content\/uploads\/2025\/10\/2025.10-Barlickiego-13-a-termomodernizacja-2-1024x768.jpg\" alt=\"\" class=\"wp-image-9654\"\/><\/figure>\n\n\n\n<figure class=\"wp-block-image size-large\"><img decoding=\"async\" data-id=\"9653\" src=\"https:\/\/zaleskahalda.pl\/wp-content\/uploads\/2025\/10\/2025.10-Barlickiego-13-a-termomodernizacja-1-1024x768.jpg\" alt=\"\" class=\"wp-image-9653\"\/><\/figure>\n<\/figure>\n","protected":false},"excerpt":{"rendered":"<p>Kompleksowa Termomodernizacja Budynku przy ul. Barlickiego 13-a w Katowicach W okresie od pa\u017adziernika 2024 r. do maja 2025 r. Sp\u00f3\u0142dzielnia Mieszkaniowa \u201eZa\u0142\u0119ska Ha\u0142da\u201d zrealizowa\u0142a kompleksow\u0105 termomodernizacj\u0119 budynku mieszkalnego zlokalizowanego przy ul. Barlickiego 13A. Zakres zrealizowanych rob\u00f3t wykracza\u0142 poza standardow\u0105 izolacj\u0119 termiczn\u0105 i obj\u0105\u0142: Inwestycja, zrealizowana w trosce o \u015brodowisko i estetyk\u0119 osiedla, przyczyni\u0142a si\u0119 do poprawy efektywno\u015bci energetycznej budynku i jego wizerunku.<\/p>\n","protected":false},"author":8,"featured_media":0,"parent":9650,"menu_order":0,"comment_status":"closed","ping_status":"closed","template":"","meta":{"footnotes":""},"class_list":["post-9669","page","type-page","status-publish","hentry"],"_links":{"self":[{"href":"https:\/\/zaleskahalda.pl\/index.php\/wp-json\/wp\/v2\/pages\/9669","targetHints":{"allow":["GET"]}}],"collection":[{"href":"https:\/\/zaleskahalda.pl\/index.php\/wp-json\/wp\/v2\/pages"}],"about":[{"href":"https:\/\/zaleskahalda.pl\/index.php\/wp-json\/wp\/v2\/types\/page"}],"author":[{"embeddable":true,"href":"https:\/\/zaleskahalda.pl\/index.php\/wp-json\/wp\/v2\/users\/8"}],"replies":[{"embeddable":true,"href":"https:\/\/zaleskahalda.pl\/index.php\/wp-json\/wp\/v2\/comments?post=9669"}],"version-history":[{"count":9,"href":"https:\/\/zaleskahalda.pl\/index.php\/wp-json\/wp\/v2\/pages\/9669\/revisions"}],"predecessor-version":[{"id":10131,"href":"https:\/\/zaleskahalda.pl\/index.php\/wp-json\/wp\/v2\/pages\/9669\/revisions\/10131"}],"up":[{"embeddable":true,"href":"https:\/\/zaleskahalda.pl\/index.php\/wp-json\/wp\/v2\/pages\/9650"}],"wp:attachment":[{"href":"https:\/\/zaleskahalda.pl\/index.php\/wp-json\/wp\/v2\/media?parent=9669"}],"curies":[{"name":"wp","href":"https:\/\/api.w.org\/{rel}","templated":true}]}}