{"id":486,"date":"2020-06-25T22:14:05","date_gmt":"2020-06-25T20:14:05","guid":{"rendered":"http:\/\/dev.zaleskahalda.pl\/?page_id=486"},"modified":"2026-03-13T10:25:24","modified_gmt":"2026-03-13T09:25:24","slug":"inne","status":"publish","type":"page","link":"https:\/\/zaleskahalda.pl\/index.php\/przetargi\/inne\/","title":{"rendered":"Inne"},"content":{"rendered":"\n<p><\/p>\n\n\n\n<p class=\"has-text-align-center\"><strong>Sp\u00f3\u0142dzielnia Mieszkaniowa \u201eZa\u0142\u0119ska Ha\u0142da\u201d z siedzib\u0105 w Katowicach przy<br>ul. Kwiatkowskiego<\/strong> <strong>8 tel. 32&nbsp;254-75-64, 32&nbsp;254-74-47, fax 32&nbsp;204-53-14<\/strong> <strong>www.zaleskahalda.pl; sekretariat@zaleskahalda.pl<\/strong><\/p>\n\n\n\n<p class=\"has-text-align-center\"><strong>og\u0142asza przetarg nieograniczony<\/strong><\/p>\n\n\n\n<p class=\"has-text-align-center\">na wymian\u0119 piasku w piaskownicach i na pod\u0142o\u017cach plac\u00f3w zabaw, uzupe\u0142nienie warstwy amortyzuj\u0105cej to\u017csamej z&nbsp;obecnie wyst\u0119puj\u0105c\u0105.<br>Specyfikacja warunk\u00f3w zam\u00f3wienia b\u0119dzie wydawana od 13.03.2026 r. do 27.03.2026 r. w&nbsp;godz. od 8:00 do 15:00 (pi\u0105tki od 8:00 do 12:00) w siedzibie Sp\u00f3\u0142dzielni \u2013 Dzia\u0142 Administrowania Zasobami.<\/p>\n\n\n\n<p class=\"has-text-align-center\">Zamkni\u0119te koperty z ofertami przetargu nale\u017cy sk\u0142ada\u0107 w siedzibie Sp\u00f3\u0142dzielni, w godzinach jej pracy w&nbsp;sekretariacie. Termin sk\u0142adania ofert up\u0142ywa 27.03.2026 r. o godz. 12:00.<\/p>\n\n\n\n<p class=\"has-text-align-center\">Data i godzina otwarcia ofert podana jest w specyfikacji istotnych warunk\u00f3w zam\u00f3wienia.<\/p>\n\n\n\n<p class=\"has-text-align-center\">Og\u0142aszaj\u0105cemu przetarg przys\u0142uguje prawo swobodnego wyboru ofert lub uniewa\u017cnienia przetargu bez podania przyczyn.<\/p>\n","protected":false},"excerpt":{"rendered":"<p>Sp\u00f3\u0142dzielnia Mieszkaniowa \u201eZa\u0142\u0119ska Ha\u0142da\u201d z siedzib\u0105 w Katowicach przyul. Kwiatkowskiego 8 tel. 32&nbsp;254-75-64, 32&nbsp;254-74-47, fax 32&nbsp;204-53-14 www.zaleskahalda.pl; sekretariat@zaleskahalda.pl og\u0142asza przetarg nieograniczony na wymian\u0119 piasku w piaskownicach i na pod\u0142o\u017cach plac\u00f3w zabaw, uzupe\u0142nienie warstwy amortyzuj\u0105cej to\u017csamej z&nbsp;obecnie wyst\u0119puj\u0105c\u0105.Specyfikacja warunk\u00f3w zam\u00f3wienia b\u0119dzie wydawana od 13.03.2026 r. do 27.03.2026 r. w&nbsp;godz. od 8:00 do 15:00 (pi\u0105tki od 8:00 do 12:00) w siedzibie Sp\u00f3\u0142dzielni \u2013 Dzia\u0142 Administrowania Zasobami. Zamkni\u0119te koperty z ofertami przetargu nale\u017cy&hellip; <\/p>\n","protected":false},"author":1,"featured_media":0,"parent":113,"menu_order":0,"comment_status":"closed","ping_status":"closed","template":"","meta":{"footnotes":""},"class_list":["post-486","page","type-page","status-publish","hentry"],"_links":{"self":[{"href":"https:\/\/zaleskahalda.pl\/index.php\/wp-json\/wp\/v2\/pages\/486","targetHints":{"allow":["GET"]}}],"collection":[{"href":"https:\/\/zaleskahalda.pl\/index.php\/wp-json\/wp\/v2\/pages"}],"about":[{"href":"https:\/\/zaleskahalda.pl\/index.php\/wp-json\/wp\/v2\/types\/page"}],"author":[{"embeddable":true,"href":"https:\/\/zaleskahalda.pl\/index.php\/wp-json\/wp\/v2\/users\/1"}],"replies":[{"embeddable":true,"href":"https:\/\/zaleskahalda.pl\/index.php\/wp-json\/wp\/v2\/comments?post=486"}],"version-history":[{"count":66,"href":"https:\/\/zaleskahalda.pl\/index.php\/wp-json\/wp\/v2\/pages\/486\/revisions"}],"predecessor-version":[{"id":10614,"href":"https:\/\/zaleskahalda.pl\/index.php\/wp-json\/wp\/v2\/pages\/486\/revisions\/10614"}],"up":[{"embeddable":true,"href":"https:\/\/zaleskahalda.pl\/index.php\/wp-json\/wp\/v2\/pages\/113"}],"wp:attachment":[{"href":"https:\/\/zaleskahalda.pl\/index.php\/wp-json\/wp\/v2\/media?parent=486"}],"curies":[{"name":"wp","href":"https:\/\/api.w.org\/{rel}","templated":true}]}}