{"id":1444,"date":"2020-12-23T08:18:15","date_gmt":"2020-12-23T07:18:15","guid":{"rendered":"https:\/\/zaleskahalda.pl\/?page_id=1444"},"modified":"2026-04-03T10:18:16","modified_gmt":"2026-04-03T08:18:16","slug":"lokale-uzytkowe","status":"publish","type":"page","link":"https:\/\/zaleskahalda.pl\/index.php\/spoldzielnia\/lokale-uzytkowe\/","title":{"rendered":"Lokale u\u017cytkowe"},"content":{"rendered":"\n<h2 class=\"wp-block-heading has-text-align-center\">Wolne lokale u\u017cytkowe do wynaj\u0119cia w zasobach Sp\u00f3\u0142dzielni Mieszkaniowej \u201eZa\u0142\u0119ska Ha\u0142da\u201d w Katowicach<\/h2>\n\n\n\n<h2 class=\"wp-block-heading has-medium-font-size\">Lokal u\u017cytkowy o powierzchni 126,52m<sup>2<\/sup>, usytuowany w pawilonie handlowo-us\u0142ugowym przy ul. Witosa 17 w Katowicach.<\/h2>\n\n\n\n<h2 class=\"wp-block-heading has-medium-font-size\">Lokal posiada dwa wej\u015bcia: od frontu i od zaplecza. &nbsp;Od strony zaplecza znajduje si\u0119 rampa. <\/h2>\n\n\n\n<h2 class=\"wp-block-heading has-medium-font-size\">Lokal nadaje si\u0119 pod wiele r\u00f3\u017cnych dzia\u0142alno\u015bci gospodarczych: us\u0142ugow\u0105 lub handlowo-us\u0142ugow\u0105, biuro, gabinety medyczne.<\/h2>\n\n\n\n<h2 class=\"wp-block-heading has-medium-font-size\"><\/h2>\n\n\n\n<figure class=\"wp-block-gallery has-nested-images columns-default is-cropped wp-block-gallery-1 is-layout-flex wp-block-gallery-is-layout-flex\">\n<figure class=\"wp-block-image size-large\"><img loading=\"lazy\" decoding=\"async\" width=\"1024\" height=\"683\" data-id=\"10858\" src=\"https:\/\/zaleskahalda.pl\/wp-content\/uploads\/2026\/04\/Z-zaznaczeniem-1-1024x683.jpg\" alt=\"\" class=\"wp-image-10858\" srcset=\"https:\/\/zaleskahalda.pl\/wp-content\/uploads\/2026\/04\/Z-zaznaczeniem-1-1024x683.jpg 1024w, https:\/\/zaleskahalda.pl\/wp-content\/uploads\/2026\/04\/Z-zaznaczeniem-1-300x200.jpg 300w, https:\/\/zaleskahalda.pl\/wp-content\/uploads\/2026\/04\/Z-zaznaczeniem-1-768x512.jpg 768w, https:\/\/zaleskahalda.pl\/wp-content\/uploads\/2026\/04\/Z-zaznaczeniem-1-1536x1024.jpg 1536w, https:\/\/zaleskahalda.pl\/wp-content\/uploads\/2026\/04\/Z-zaznaczeniem-1.jpg 2048w\" sizes=\"auto, (max-width: 1024px) 100vw, 1024px\" \/><\/figure>\n\n\n\n<figure class=\"wp-block-image size-large\"><img loading=\"lazy\" decoding=\"async\" width=\"1024\" height=\"768\" data-id=\"10866\" src=\"https:\/\/zaleskahalda.pl\/wp-content\/uploads\/2026\/04\/20260401_111253-1024x768.jpg\" alt=\"\" class=\"wp-image-10866\" srcset=\"https:\/\/zaleskahalda.pl\/wp-content\/uploads\/2026\/04\/20260401_111253-1024x768.jpg 1024w, https:\/\/zaleskahalda.pl\/wp-content\/uploads\/2026\/04\/20260401_111253-300x225.jpg 300w, https:\/\/zaleskahalda.pl\/wp-content\/uploads\/2026\/04\/20260401_111253-768x576.jpg 768w, https:\/\/zaleskahalda.pl\/wp-content\/uploads\/2026\/04\/20260401_111253-1536x1152.jpg 1536w, https:\/\/zaleskahalda.pl\/wp-content\/uploads\/2026\/04\/20260401_111253-2048x1536.jpg 2048w, https:\/\/zaleskahalda.pl\/wp-content\/uploads\/2026\/04\/20260401_111253-345x259.jpg 345w\" sizes=\"auto, (max-width: 1024px) 100vw, 1024px\" \/><\/figure>\n\n\n\n<figure class=\"wp-block-image size-large\"><img loading=\"lazy\" decoding=\"async\" width=\"1024\" height=\"750\" data-id=\"10865\" src=\"https:\/\/zaleskahalda.pl\/wp-content\/uploads\/2026\/04\/20260401_111144-1024x750.jpg\" alt=\"\" class=\"wp-image-10865\" srcset=\"https:\/\/zaleskahalda.pl\/wp-content\/uploads\/2026\/04\/20260401_111144-1024x750.jpg 1024w, https:\/\/zaleskahalda.pl\/wp-content\/uploads\/2026\/04\/20260401_111144-300x220.jpg 300w, https:\/\/zaleskahalda.pl\/wp-content\/uploads\/2026\/04\/20260401_111144-768x563.jpg 768w, https:\/\/zaleskahalda.pl\/wp-content\/uploads\/2026\/04\/20260401_111144-1536x1125.jpg 1536w, https:\/\/zaleskahalda.pl\/wp-content\/uploads\/2026\/04\/20260401_111144.jpg 2048w\" sizes=\"auto, (max-width: 1024px) 100vw, 1024px\" \/><\/figure>\n\n\n\n<figure class=\"wp-block-image size-large\"><img loading=\"lazy\" decoding=\"async\" width=\"1024\" height=\"726\" data-id=\"10864\" src=\"https:\/\/zaleskahalda.pl\/wp-content\/uploads\/2026\/04\/20260401_111123-1024x726.jpg\" alt=\"\" class=\"wp-image-10864\" srcset=\"https:\/\/zaleskahalda.pl\/wp-content\/uploads\/2026\/04\/20260401_111123-1024x726.jpg 1024w, https:\/\/zaleskahalda.pl\/wp-content\/uploads\/2026\/04\/20260401_111123-300x213.jpg 300w, https:\/\/zaleskahalda.pl\/wp-content\/uploads\/2026\/04\/20260401_111123-768x545.jpg 768w, https:\/\/zaleskahalda.pl\/wp-content\/uploads\/2026\/04\/20260401_111123-1536x1089.jpg 1536w, https:\/\/zaleskahalda.pl\/wp-content\/uploads\/2026\/04\/20260401_111123.jpg 2048w\" sizes=\"auto, (max-width: 1024px) 100vw, 1024px\" \/><\/figure>\n\n\n\n<figure class=\"wp-block-image size-large\"><img loading=\"lazy\" decoding=\"async\" width=\"1024\" height=\"757\" data-id=\"10863\" src=\"https:\/\/zaleskahalda.pl\/wp-content\/uploads\/2026\/04\/20260401_111107-1024x757.jpg\" alt=\"\" class=\"wp-image-10863\" srcset=\"https:\/\/zaleskahalda.pl\/wp-content\/uploads\/2026\/04\/20260401_111107-1024x757.jpg 1024w, https:\/\/zaleskahalda.pl\/wp-content\/uploads\/2026\/04\/20260401_111107-300x222.jpg 300w, https:\/\/zaleskahalda.pl\/wp-content\/uploads\/2026\/04\/20260401_111107-768x568.jpg 768w, https:\/\/zaleskahalda.pl\/wp-content\/uploads\/2026\/04\/20260401_111107-1536x1136.jpg 1536w, https:\/\/zaleskahalda.pl\/wp-content\/uploads\/2026\/04\/20260401_111107.jpg 2048w\" sizes=\"auto, (max-width: 1024px) 100vw, 1024px\" \/><\/figure>\n\n\n\n<figure class=\"wp-block-image size-large\"><img loading=\"lazy\" decoding=\"async\" width=\"1024\" height=\"768\" data-id=\"10861\" src=\"https:\/\/zaleskahalda.pl\/wp-content\/uploads\/2026\/04\/20260401_111031-1024x768.jpg\" alt=\"\" class=\"wp-image-10861\" srcset=\"https:\/\/zaleskahalda.pl\/wp-content\/uploads\/2026\/04\/20260401_111031-1024x768.jpg 1024w, https:\/\/zaleskahalda.pl\/wp-content\/uploads\/2026\/04\/20260401_111031-300x225.jpg 300w, https:\/\/zaleskahalda.pl\/wp-content\/uploads\/2026\/04\/20260401_111031-768x576.jpg 768w, https:\/\/zaleskahalda.pl\/wp-content\/uploads\/2026\/04\/20260401_111031-1536x1152.jpg 1536w, https:\/\/zaleskahalda.pl\/wp-content\/uploads\/2026\/04\/20260401_111031-345x259.jpg 345w, https:\/\/zaleskahalda.pl\/wp-content\/uploads\/2026\/04\/20260401_111031.jpg 2048w\" sizes=\"auto, (max-width: 1024px) 100vw, 1024px\" \/><\/figure>\n\n\n\n<figure class=\"wp-block-image size-large\"><img loading=\"lazy\" decoding=\"async\" width=\"1024\" height=\"768\" data-id=\"10860\" src=\"https:\/\/zaleskahalda.pl\/wp-content\/uploads\/2026\/04\/20260401_111001-1024x768.jpg\" alt=\"\" class=\"wp-image-10860\" srcset=\"https:\/\/zaleskahalda.pl\/wp-content\/uploads\/2026\/04\/20260401_111001-1024x768.jpg 1024w, https:\/\/zaleskahalda.pl\/wp-content\/uploads\/2026\/04\/20260401_111001-300x225.jpg 300w, https:\/\/zaleskahalda.pl\/wp-content\/uploads\/2026\/04\/20260401_111001-768x576.jpg 768w, https:\/\/zaleskahalda.pl\/wp-content\/uploads\/2026\/04\/20260401_111001-1536x1152.jpg 1536w, https:\/\/zaleskahalda.pl\/wp-content\/uploads\/2026\/04\/20260401_111001-345x259.jpg 345w, https:\/\/zaleskahalda.pl\/wp-content\/uploads\/2026\/04\/20260401_111001.jpg 2048w\" sizes=\"auto, (max-width: 1024px) 100vw, 1024px\" \/><\/figure>\n\n\n\n<figure class=\"wp-block-image size-large\"><img loading=\"lazy\" decoding=\"async\" width=\"1024\" height=\"732\" data-id=\"10859\" src=\"https:\/\/zaleskahalda.pl\/wp-content\/uploads\/2026\/04\/20260401_110923-1024x732.jpg\" alt=\"\" class=\"wp-image-10859\" srcset=\"https:\/\/zaleskahalda.pl\/wp-content\/uploads\/2026\/04\/20260401_110923-1024x732.jpg 1024w, https:\/\/zaleskahalda.pl\/wp-content\/uploads\/2026\/04\/20260401_110923-300x214.jpg 300w, https:\/\/zaleskahalda.pl\/wp-content\/uploads\/2026\/04\/20260401_110923-768x549.jpg 768w, https:\/\/zaleskahalda.pl\/wp-content\/uploads\/2026\/04\/20260401_110923-1536x1097.jpg 1536w, https:\/\/zaleskahalda.pl\/wp-content\/uploads\/2026\/04\/20260401_110923.jpg 2048w\" sizes=\"auto, (max-width: 1024px) 100vw, 1024px\" \/><\/figure>\n\n\n\n<figure class=\"wp-block-image size-large\"><img loading=\"lazy\" decoding=\"async\" width=\"768\" height=\"1024\" data-id=\"10862\" src=\"https:\/\/zaleskahalda.pl\/wp-content\/uploads\/2026\/04\/20260401_111059-768x1024.jpg\" alt=\"\" class=\"wp-image-10862\" srcset=\"https:\/\/zaleskahalda.pl\/wp-content\/uploads\/2026\/04\/20260401_111059-768x1024.jpg 768w, https:\/\/zaleskahalda.pl\/wp-content\/uploads\/2026\/04\/20260401_111059-225x300.jpg 225w, https:\/\/zaleskahalda.pl\/wp-content\/uploads\/2026\/04\/20260401_111059-1152x1536.jpg 1152w, https:\/\/zaleskahalda.pl\/wp-content\/uploads\/2026\/04\/20260401_111059.jpg 1536w\" sizes=\"auto, (max-width: 768px) 100vw, 768px\" \/><\/figure>\n<\/figure>\n\n\n\n<hr class=\"wp-block-separator has-alpha-channel-opacity is-style-wide\"\/>\n\n\n\n<p><\/p>\n\n\n\n<h2 class=\"wp-block-heading has-medium-font-size\"><\/h2>\n\n\n\n<hr class=\"wp-block-separator has-alpha-channel-opacity is-style-wide\"\/>\n\n\n\n<p><\/p>\n\n\n\n<p>Wszelkich dodatkowych informacji udziela Dzia\u0142 Cz\u0142onkowsko-Mieszkaniowy<br>Sp\u00f3\u0142dzielni Mieszkaniowej \u201eZa\u0142\u0119ska Ha\u0142da\u201d w Katowicach, ul. Kwiatkowskiego 8, tel. (32) 2547-447, 2547-564, 2547-941 wew.45, 46 lub 47.<\/p>\n\n\n\n<p>Ofert\u0119 najmu mo\u017cna z\u0142o\u017cy\u0107 pisemnie na adres siedziby Sp\u00f3\u0142dzielni: Sp\u00f3\u0142dzielnia Mieszkaniowa \u201eZa\u0142\u0119ska Ha\u0142da\u201d w Katowicach, 40-824 Katowice, ul. Kwiatkowskiego 8 lub drog\u0105 mailow\u0105, na adres: sekretariat@zaleskahalda.pl<\/p>\n","protected":false},"excerpt":{"rendered":"<p>Wolne lokale u\u017cytkowe do wynaj\u0119cia w zasobach Sp\u00f3\u0142dzielni Mieszkaniowej \u201eZa\u0142\u0119ska Ha\u0142da\u201d w Katowicach Lokal u\u017cytkowy o powierzchni 126,52m2, usytuowany w pawilonie handlowo-us\u0142ugowym przy ul. Witosa 17 w Katowicach. Lokal posiada dwa wej\u015bcia: od frontu i od zaplecza. &nbsp;Od strony zaplecza znajduje si\u0119 rampa. Lokal nadaje si\u0119 pod wiele r\u00f3\u017cnych dzia\u0142alno\u015bci gospodarczych: us\u0142ugow\u0105 lub handlowo-us\u0142ugow\u0105, biuro, gabinety medyczne. Wszelkich dodatkowych informacji udziela Dzia\u0142 Cz\u0142onkowsko-MieszkaniowySp\u00f3\u0142dzielni Mieszkaniowej \u201eZa\u0142\u0119ska Ha\u0142da\u201d w Katowicach, ul. Kwiatkowskiego&hellip; <\/p>\n","protected":false},"author":2,"featured_media":0,"parent":206,"menu_order":6,"comment_status":"closed","ping_status":"closed","template":"","meta":{"footnotes":""},"class_list":["post-1444","page","type-page","status-publish","hentry"],"_links":{"self":[{"href":"https:\/\/zaleskahalda.pl\/index.php\/wp-json\/wp\/v2\/pages\/1444","targetHints":{"allow":["GET"]}}],"collection":[{"href":"https:\/\/zaleskahalda.pl\/index.php\/wp-json\/wp\/v2\/pages"}],"about":[{"href":"https:\/\/zaleskahalda.pl\/index.php\/wp-json\/wp\/v2\/types\/page"}],"author":[{"embeddable":true,"href":"https:\/\/zaleskahalda.pl\/index.php\/wp-json\/wp\/v2\/users\/2"}],"replies":[{"embeddable":true,"href":"https:\/\/zaleskahalda.pl\/index.php\/wp-json\/wp\/v2\/comments?post=1444"}],"version-history":[{"count":37,"href":"https:\/\/zaleskahalda.pl\/index.php\/wp-json\/wp\/v2\/pages\/1444\/revisions"}],"predecessor-version":[{"id":10869,"href":"https:\/\/zaleskahalda.pl\/index.php\/wp-json\/wp\/v2\/pages\/1444\/revisions\/10869"}],"up":[{"embeddable":true,"href":"https:\/\/zaleskahalda.pl\/index.php\/wp-json\/wp\/v2\/pages\/206"}],"wp:attachment":[{"href":"https:\/\/zaleskahalda.pl\/index.php\/wp-json\/wp\/v2\/media?parent=1444"}],"curies":[{"name":"wp","href":"https:\/\/api.w.org\/{rel}","templated":true}]}}