{"id":109,"date":"2020-06-24T20:16:42","date_gmt":"2020-06-24T18:16:42","guid":{"rendered":"http:\/\/dev.zaleskahalda.pl\/?page_id=109"},"modified":"2026-04-08T14:24:05","modified_gmt":"2026-04-08T12:24:05","slug":"akty-prawne","status":"publish","type":"page","link":"https:\/\/zaleskahalda.pl\/index.php\/akty-prawne\/","title":{"rendered":"Akty prawne"},"content":{"rendered":"\n<h2 class=\"wp-block-heading\" id=\"akty-prawne\"><strong>AKTY PRAWNE<\/strong><\/h2>\n\n\n\n<p><\/p>\n\n\n\n<ul class=\"wp-block-list\">\n<li><a href=\"https:\/\/zaleskahalda.pl\/index.php\/akty-prawne\/statut-s-m-zaleska-halda\/\">Statut Sp\u00f3\u0142dzielni Mieszkaniowej &#8222;Za\u0142\u0119ska Ha\u0142da&#8221;<\/a><\/li>\n\n\n\n<li><a href=\"https:\/\/zaleskahalda.pl\/wp-content\/uploads\/2025\/03\/Regulamin-obowiazkow-SM-Zaleska-Halda-i-uzytkownikow-lokali-w-zakresie-konserwacji-napraw-i-remontow-lokali.pdf\">Regulamin obowi\u0105zk\u00f3w Sp\u00f3\u0142dzielni Mieszkaniowej &#8222;Za\u0142\u0119ska Ha\u0142da&#8221; w Katowicach i u\u017cytkownik\u00f3w lokali w zakresie konserwacji, napraw i remont\u00f3w lokali<\/a><\/li>\n\n\n\n<li><a href=\"https:\/\/zaleskahalda.pl\/wp-content\/uploads\/2025\/02\/Regulamin-tworzenia-i-gospodarowania-funduszem-remontowym.pdf\">Regulamin tworzenia i gospodarowania funduszem remontowym<\/a><\/li>\n\n\n\n<li><a href=\"https:\/\/zaleskahalda.pl\/wp-content\/uploads\/2023\/06\/SKM_C224e23062908420.pdf\" target=\"_blank\" rel=\"noreferrer noopener\">Regulamin rozliczania koszt\u00f3w eksploatacji i utrzymania nieruchomo\u015bci oraz ustalania op\u0142at za u\u017cywanie lokali<\/a><\/li>\n\n\n\n<li><a href=\"https:\/\/zaleskahalda.pl\/wp-content\/uploads\/2023\/08\/SKM_C224e23082509540.pdf\" target=\"_blank\" rel=\"noreferrer noopener\">Regulamin rozliczania zu\u017cycia masy wody zimnej i ciep\u0142ej oraz odprowadzania \u015bciek\u00f3w<\/a><\/li>\n\n\n\n<li><a href=\"https:\/\/zaleskahalda.pl\/wp-content\/uploads\/2023\/10\/SKM_C224e23101908470.pdf\" target=\"_blank\" rel=\"noreferrer noopener\">Regulamin rozliczania z u\u017cytkownikami lokali koszt\u00f3w centralnego ogrzewania oraz przygotowania ciep\u0142ej wody u\u017cytkowej<\/a><\/li>\n\n\n\n<li><a href=\"https:\/\/zaleskahalda.pl\/wp-content\/uploads\/2025\/05\/Regulamin-porzadku-domowego.pdf\">Regulamin porz\u0105dku domowego<\/a><\/li>\n\n\n\n<li><a href=\"https:\/\/zaleskahalda.pl\/wp-content\/uploads\/2024\/12\/regulamin.pdf\">Regulamin najmu oraz zasad korzystania z pomieszcze\u0144 dodatkowych<\/a><\/li>\n\n\n\n<li><a rel=\"noreferrer noopener\" href=\"https:\/\/zaleskahalda.pl\/wp-content\/uploads\/2020\/06\/Regulamin_pomieszczen_gosp.pdf\" target=\"_blank\">Regulamin &#8211; pomieszczenia na dzia\u0142alno\u015b\u0107 gospodarcz\u0105<\/a><\/li>\n\n\n\n<li><a rel=\"noreferrer noopener\" href=\"https:\/\/zaleskahalda.pl\/wp-content\/uploads\/2022\/02\/Regulamin-korzystaniai-z-serwisu-E-Uslugi.pdf\" data-type=\"URL\" data-id=\"https:\/\/zaleskahalda.pl\/wp-content\/uploads\/2022\/02\/Regulamin-korzystaniai-z-serwisu-E-Uslugi.pdf\" target=\"_blank\">Regulamin serwisu e-us\u0142ugi<\/a><\/li>\n\n\n\n<li><a href=\"https:\/\/zaleskahalda.pl\/wp-content\/uploads\/2020\/06\/Zasady-domofony.pdf\" target=\"_blank\" rel=\"noreferrer noopener\">Zasady zak\u0142adania i konserwacji domofon\u00f3w<\/a><\/li>\n\n\n\n<li><a href=\"https:\/\/zaleskahalda.pl\/wp-content\/uploads\/2025\/02\/Zasady-dot.-sprzatania-klatek-schodowych.pdf\">Zasady dotycz\u0105ce sprz\u0105tania klatek schodowych budynk\u00f3w wielorodzinnych<\/a><\/li>\n\n\n\n<li><a href=\"https:\/\/zaleskahalda.pl\/wp-content\/uploads\/2023\/10\/Zasady-korzystania-z-ogrodkow-przydomowych.pdf\">Zasady korzystania z ogr\u00f3dk\u00f3w przydomowych usytuowanych w obr\u0119bie budynk\u00f3w wielorodzinnych Sp\u00f3\u0142dzielni Mieszkaniowej &#8222;Za\u0142\u0119ska Ha\u0142da&#8221; w Katowicach<\/a><\/li>\n\n\n\n<li><a href=\"https:\/\/zaleskahalda.pl\/wp-content\/uploads\/2024\/01\/Zasady-wjazdu-i-wyjazdu.pdf\">Zasady wjazdu i parkowania<\/a><\/li>\n\n\n\n<li><a href=\"https:\/\/zaleskahalda.pl\/wp-content\/uploads\/2025\/12\/Zasady-wjazdu-wyjazdu-i-parkowania-na-terenie-zasobow-Spoldzielni-dojazd-do-budynkow-Obroki-51.63ab-c-obowiazuja-od-01.01.2026.pdf\">Zasady wjazdu, wyjazdu i parkowania na terenie zasob\u00f3w Sp\u00f3\u0142dzielni &#8211; obowi\u0105zuj\u0105cy od  01.01.2026<\/a><\/li>\n\n\n\n<li><a rel=\"noreferrer noopener\" href=\"https:\/\/zaleskahalda.pl\/wp-content\/uploads\/2020\/06\/Regulamin-okreslajacy-tryb-i-zasady-przetargu-na-ustanowienie-odrebnej-wlasnosci-lokalu-mieszkalnego-3.pdf\" target=\"_blank\">Regulamin okre\u015blaj\u0105cy tryb i zasady przetargu na ustanowienie odr\u0119bnej w\u0142asno\u015bci lokalu mieszkalnego<\/a> + <a rel=\"noreferrer noopener\" href=\"https:\/\/zaleskahalda.pl\/wp-content\/uploads\/2020\/06\/Aneks-nr-1-do-Regulaminu.pdf\" target=\"_blank\">Aneks<\/a><\/li>\n\n\n\n<li><a href=\"https:\/\/zaleskahalda.pl\/wp-content\/uploads\/2026\/01\/Regulamin-udzielania-zamowien-wykonawcom-robot-remontowo-inwestycyjnych-i-uslug-w-zasobach-Spoldzielni-Mieszkaniowej-Zaleska-Halda-w-Katowicach.pdf\">Regulamin udzielania zam\u00f3wie\u0144 wykonawcom rob\u00f3t remontowo-inwestycyjnych i us\u0142ug<\/a><\/li>\n\n\n\n<li><a href=\"https:\/\/zaleskahalda.pl\/wp-content\/uploads\/2021\/05\/regulamin-azbest.pdf\" data-type=\"URL\" data-id=\"https:\/\/zaleskahalda.pl\/wp-content\/uploads\/2021\/05\/regulamin-azbest.pdf\">Regulamin ustalania kolejno\u015bci termomodernizacji budynk\u00f3w (segment\u00f3w budowlanych)<\/a><\/li>\n\n\n\n<li><a rel=\"noreferrer noopener\" href=\"https:\/\/zaleskahalda.pl\/wp-content\/uploads\/2020\/06\/Regulamin-przetargu-zbycie-gruntu-2017a.pdf\" target=\"_blank\">Regulamin przetarg\u00f3w na zbycie nieruchomo\u015bci gruntowych, niezabudowanych<\/a> + <a rel=\"noreferrer noopener\" href=\"https:\/\/zaleskahalda.pl\/wp-content\/uploads\/2020\/06\/aneks-nr-1-do-Regulaminu-zbywanie-nieruchomosci-gruntowych.pdf\" target=\"_blank\">Aneks 1<\/a> + <a rel=\"noreferrer noopener\" href=\"https:\/\/zaleskahalda.pl\/wp-content\/uploads\/2020\/06\/ANEKS-NR-2.pdf\" target=\"_blank\">Aneks 2<\/a><\/li>\n\n\n\n<li><a href=\"https:\/\/zaleskahalda.pl\/wp-content\/uploads\/2024\/11\/SKM_C224e24112010130.pdf\">Regulamin funkcjonowania monitoringu wizyjnego Sp\u00f3\u0142dzielni Mieszkaniowej \u201eZa\u0142\u0119ska Ha\u0142da\u201d w Katowicach<\/a><\/li>\n\n\n\n<li><a href=\"https:\/\/zaleskahalda.pl\/wp-content\/uploads\/2023\/11\/SKM_C224e23112109230.pdf\" target=\"_blank\" rel=\"noreferrer noopener\">Regulamin umieszczania i eksponowania reklam w zasobach Sp\u00f3\u0142dzielni Mieszkaniowej &#8222;Za\u0142\u0119ska Ha\u0142da&#8221; w Katowicach<\/a><\/li>\n\n\n\n<li><a href=\"https:\/\/zaleskahalda.pl\/wp-content\/uploads\/2026\/03\/Zasady-okreslajace-udostepnienie-dokumentow-czlonkom-Spoldzielni-Mieszkaniowej-Zaleska-Halda-w-Katowicach-oraz-wydawania-zaswiadczen-dotyczacych-praw-do-lokali.pdf\">Zasady okre\u015blaj\u0105ce udost\u0119pnianie dokument\u00f3w cz\u0142onkom Sp\u00f3\u0142dzielni Mieszkaniowej &#8222;Za\u0142\u0119ska Ha\u0142da&#8221; w Katowicach<\/a><\/li>\n\n\n\n<li><a href=\"https:\/\/zaleskahalda.pl\/wp-content\/uploads\/2026\/04\/Regulamin-okreslajacy-tryb-i-zasady-przetargu-na-ustanowienie-odrebnej-wlasnosci-lokalu-mieszkalnego-w-Spoldzielni-Mieszkaniowej-Zaleska-Halda-w-Katowicach-2026.pdf\" data-type=\"attachment\" data-id=\"10895\">Regulamin okre\u015blaj\u0105cy tryb i zasady przetargu na ustanowienie odr\u0119bnej w\u0142asno\u015bci lokalu mieszkalnego w Sp\u00f3\u0142dzielni Mieszkaniowej &#8222;Za\u0142\u0119ska Ha\u0142da&#8221; w Katowicach <\/a><\/li>\n<\/ul>\n\n\n\n<p><\/p>\n","protected":false},"excerpt":{"rendered":"<p>AKTY PRAWNE<\/p>\n","protected":false},"author":1,"featured_media":0,"parent":0,"menu_order":5,"comment_status":"closed","ping_status":"closed","template":"","meta":{"footnotes":""},"class_list":["post-109","page","type-page","status-publish","hentry"],"_links":{"self":[{"href":"https:\/\/zaleskahalda.pl\/index.php\/wp-json\/wp\/v2\/pages\/109","targetHints":{"allow":["GET"]}}],"collection":[{"href":"https:\/\/zaleskahalda.pl\/index.php\/wp-json\/wp\/v2\/pages"}],"about":[{"href":"https:\/\/zaleskahalda.pl\/index.php\/wp-json\/wp\/v2\/types\/page"}],"author":[{"embeddable":true,"href":"https:\/\/zaleskahalda.pl\/index.php\/wp-json\/wp\/v2\/users\/1"}],"replies":[{"embeddable":true,"href":"https:\/\/zaleskahalda.pl\/index.php\/wp-json\/wp\/v2\/comments?post=109"}],"version-history":[{"count":75,"href":"https:\/\/zaleskahalda.pl\/index.php\/wp-json\/wp\/v2\/pages\/109\/revisions"}],"predecessor-version":[{"id":10897,"href":"https:\/\/zaleskahalda.pl\/index.php\/wp-json\/wp\/v2\/pages\/109\/revisions\/10897"}],"wp:attachment":[{"href":"https:\/\/zaleskahalda.pl\/index.php\/wp-json\/wp\/v2\/media?parent=109"}],"curies":[{"name":"wp","href":"https:\/\/api.w.org\/{rel}","templated":true}]}}